7, 31, 52489
What are the prime factors of 582427272?
2, 3, 7, 3466829
What are the prime factors of 4701100852?
2, 7, 167896459
What are the prime factors of 222401066?
2, 241, 461413
List the prime factors of 573832771.
573832771
What are the prime factors of 1221116248?
2, 11, 631, 21991
List the prime factors of 17947445.
5, 3589489
What are the prime factors of 475436085?
3, 5, 4159, 7621
List the prime factors of 119970675.
3, 5, 11, 48473
List the prime factors of 72043946.
2, 13, 29, 95549
List the prime factors of 94532630.
2, 5, 1019, 9277
What are the prime factors of 27046365?
3, 5, 151, 11941
List the prime factors of 32216918.
2, 16108459
What are the prime factors of 1112898106?
2, 556449053
What are the prime factors of 175411339?
37, 3463
What are the prime factors of 626003488?
2, 11, 19, 93601
What are the prime factors of 2571867?
3, 285763
List the prime factors of 56308944.
2, 3, 67, 17509
What are the prime factors of 3865814724?
2, 3, 29, 41, 43, 6301
What are the prime factors of 71633971?
17, 19, 463, 479
What are the prime factors of 1170059244?
2, 3, 691, 141107
What are the prime factors of 102604443?
3, 71, 127, 3793
List the prime factors of 399470061.
3, 31, 47, 59, 1549
List the prime factors of 424260132.
2, 3, 35355011
List the prime factors of 1692457.
13, 101, 1289
List the prime factors of 45529208.
2, 5691151
List the prime factors of 100976746.
2, 13, 263, 14767
List the prime factors of 304729630.
2, 5, 41, 193, 3851
List the prime factors of 384647828.
2, 96161957
What are the prime factors of 1413205449?
3, 43, 10955081
List the prime factors of 58458005.
5, 41, 285161
List the prime factors of 47030148.
2, 3, 11, 113, 1051
List the prime factors of 1182136885.
5, 236427377
What are the prime factors of 600696387?
3, 643, 103801
What are the prime factors of 376960789?
431, 874619
List the prime factors of 3345551602.
2, 67, 73, 127, 2693
What are the prime factors of 5939006636?
2, 1484751659
List the prime factors of 110325972.
2, 3, 9193831
List the prime factors of 7363031645.
5, 179, 1583, 5197
What are the prime factors of 539525108?
2, 6569, 20533
What are the prime factors of 1004908777?
17, 3477193
What are the prime factors of 276351556?
2, 13, 29, 401, 457
What are the prime factors of 5206828994?
2, 2603414497
What are the prime factors of 133605979?
13, 673, 15271
What are the prime factors of 5335306664?
2, 577, 1155829
What are the prime factors of 21250154?
2, 73, 145549
What are the prime factors of 41363245?
5, 7, 11, 9767
List the prime factors of 190474351.
1693, 112507
What are the prime factors of 7552671239?
74719, 101081
What are the prime factors of 485833904?
2, 2131, 14249
What are the prime factors of 1465379694?
2, 3, 27136661
What are the prime factors of 877673186?
2, 13, 229, 147409
What are the prime factors of 3421194736?
2, 67, 3191413
List the prime factors of 1689068913.
3, 7, 71, 907, 1249
List the prime factors of 9960563.
43, 5387
List the prime factors of 903695655.
3, 5, 1879, 32063
List the prime factors of 1324362754.
2, 11, 13, 107, 3329
What are the prime factors of 78986378?
2, 349, 113161
List the prime factors of 310383642.
2, 3, 51730607
What are the prime factors of 1484280788?
2, 661, 561377
List the prime factors of 5651421559.
7, 807345937
List the prime factors of 814523825.
5, 19, 1714787
What are the prime factors of 118159361?
118159361
What are the prime factors of 125654121?
3, 3677, 3797
List the prime factors of 259442327.
259442327
List the prime factors of 120040021.
47, 2554043
What are the prime factors of 2693933546?
2, 71, 18971363
What are the prime factors of 185953805?
5, 233, 159617
What are the prime factors of 204190007?
7, 4167143
List the prime factors of 966248860.
2, 5, 23, 2100541
List the prime factors of 583572980.
2, 5, 29178649
What are the prime factors of 116692236?
2, 3, 3241451
What are the prime factors of 28398321?
3, 7, 450767
What are the prime factors of 36207236?
2, 13, 19, 2819
What are the prime factors of 752266590?
2, 3, 5, 25075553
List the prime factors of 1120676746.
2, 7, 751, 15227
What are the prime factors of 308018562?
2, 3, 37, 197, 7043
List the prime factors of 147802851.
3, 7, 233, 10069
List the prime factors of 50783008.
2, 773, 2053
What are the prime factors of 90510292?
2, 22627573
List the prime factors of 37566531.
3, 1391353
What are the prime factors of 348569794?
2, 293, 594829
List the prime factors of 1147773472.
2, 337, 106433
List the prime factors of 190974526.
2, 311, 307033
What are the prime factors of 90102865?
5, 18020573
What are the prime factors of 1295939317?
1295939317
What are the prime factors of 142305383?
11, 19, 41, 16607
List the prime factors of 571920189.
3, 190640063
List the prime factors of 75535284.
2, 3, 11, 17, 41, 821
What are the prime factors of 120904697?
17, 7112041
What are the prime factors of 456009081?
3, 11, 13818457
List the prime factors of 3137883649.
19, 4003, 41257
List the prime factors of 1041875094.
2, 3, 13, 31, 430883
List the prime factors of 158814537.
3, 7, 61, 89, 199
List the prime factors of 120030006.
2, 3, 4153, 4817
What are the prime factors of 513913092?
2, 3, 7, 11, 83, 6701
List the prime factors of 265777332.
2, 3, 22148111
List the prime factors of 510248168.
2, 47, 1357043
What are the prime factors of 829758579?
3, 13, 21275861
List the prime factors of 418642427.
7, 8543723
What are the prime factors of 61238498?
2, 263, 116423
List the prime factors of 200086453.
7, 23, 177539
What are the prime factors of 56405850?
2, 3, 5, 376039
List the prime factors of 29131608.
2, 3, 11, 17, 6491
What are the prime factors of 98209613?
19, 5168927
What are the prime factors of 7634544858?
2, 3, 17, 24949493
What are the prime factors of 73800705?
3, 5, 11, 313, 1429
What are the prime factors of 978396017?
978396017
List the prime factors of 1265665030.
2, 5, 7, 103, 175543
What are the prime factors of 928130022?
2, 3, 131, 131203
List the prime factors of 844129788.
2, 3, 1709, 41161
List the prime factors of 1915284539.
7, 37, 89, 83089
What are the prime factors of 132345196?
2, 1693, 19543
What are the prime factors of 2981880844?
2, 443, 1231, 1367
List the prime factors of 1313887902.
2, 3, 223, 981979
What are the prime factors of 450331831?
53, 101, 84127
What are the prime factors of 935427428?
2, 13, 17988989
List the prime factors of 191010802.
2, 293, 325957
List the prime factors of 66245534.
2, 33122767
What are the prime factors of 1038805765?
5, 131, 1585963
What are the prime factors of 7022293176?
2, 3, 292595549
List the prime factors of 139150143.
3, 11, 59, 2647
List the prime factors of 35687078.
2, 7, 2549077
What are the prime factors of 237313147?
4253, 55799
List the prime factors of 1876800010.
2, 5, 41, 4577561
What are the prime factors of 16498632?
2, 3, 687443
List the prime factors of 125986182.
2, 3, 7, 229, 13099
List the prime factors of 204464482.
2, 79, 229, 5651
What are the prime factors of 3163425074?
2, 1581712537
List the prime factors of 682237969.
7, 61, 1597747
List the prime factors of 669306856.
2, 59, 1418023
What are the prime factors of 174248274?
2, 3, 1087, 26717
What are the prime factors of 2881932912?
2, 3, 1237, 5393
What are the prime factors of 484788848?
2, 23, 1317361
What are the prime factors of 9826480?
2, 5, 113, 1087
List the prime factors of 1343850264.
2, 3, 25603
List the prime factors of 70287017.
113, 622009
What are the prime factors of 1299094457?
17, 37, 43, 1117
List the prime factors of 51070597.
97, 526501
What are the prime factors of 1068763075?
5, 433, 98731
What are the prime factors of 22458371?
13, 37, 46691
List the prime factors of 46587959.
11, 79, 53611
What are the prime factors of 1118201285?
5, 29, 7711733
What are the prime factors of 36968632?
2, 1949, 2371
List the prime factors of 879769255.
5, 19, 9260729
List the prime factors of 237738011.
7, 33962573
What are the prime factors of 154205507?
154205507
List the prime factors of 284683945.
5, 7, 13, 137, 4567
What are the prime factors of 233636084?
2, 11, 19, 53, 5273
What are the prime factors of 363110922?
2, 3, 17, 67, 89, 199
What are the prime factors of 22762828?
2, 11, 517